{"id":110,"date":"2020-03-30T17:45:23","date_gmt":"2020-03-30T15:45:23","guid":{"rendered":"http:\/\/christophebaudry.fr\/?page_id=110"},"modified":"2025-05-06T12:14:24","modified_gmt":"2025-05-06T10:14:24","slug":"operateur-drone","status":"publish","type":"page","link":"https:\/\/christophebaudry.fr\/index.php\/operateur-drone\/","title":{"rendered":"DONNER \u00c0 VOIR"},"content":{"rendered":"\n<div class=\"wp-block-group\"><div class=\"wp-block-group__inner-container is-layout-flow wp-block-group-is-layout-flow\">\n<p class=\"has-text-color has-normal-font-size\" style=\"color:#000000\"><strong>T\u00e9l\u00e9pilote professionnel certifi\u00e9<\/strong>, \u00e9quip\u00e9 de l&#8217;exceptionnel drone <strong><a href=\"https:\/\/www.dji.com\/fr\/mavic-3-pro\" target=\"_blank\" rel=\"noreferrer noopener\"><mark style=\"background-color:rgba(0, 0, 0, 0)\" class=\"has-inline-color has-black-color\">DJI Mavic 3 Pro Cin\u00e9<\/mark><\/a><\/strong>, prenons de la hauteur en 5,1K Apple ProRes 422HQ en toute s\u00e9curit\u00e9 gr\u00e2ce \u00e0 une maitrise technique et r\u00e9glementaire<\/p>\n<\/div><\/div>\n\n\n\n<figure class=\"wp-block-video aligncenter\"><video controls poster=\"http:\/\/christophebaudry.fr\/wp-content\/uploads\/2020\/05\/CHRISTOPHE_BAUDRY_DRONE_FILM_NARCISO_-ISLANDE_PureMusc_PICTURE_01.png\" preload=\"auto\" src=\"http:\/\/christophebaudry.fr\/wp-content\/uploads\/2020\/05\/CHRISTOPHE_BAUDRY_DRONE_FILM_NARCISO_-ISLANDE_PureMusc.mp4\"><\/video><figcaption class=\"wp-element-caption\"><strong><a href=\"https:\/\/www.hadriengenest.com\" target=\"_blank\" rel=\"noreferrer noopener\" aria-label=\"R\u00e9alisation - Hadrien Genest (s\u2019ouvre dans un nouvel onglet)\">R\u00e9alisation &#8211; Hadrien Genest<\/a><\/strong><\/figcaption><\/figure>\n\n\n\n<div style=\"height:20px\" aria-hidden=\"true\" class=\"wp-block-spacer\"><\/div>\n\n\n\n<figure class=\"wp-block-video aligncenter\"><video controls poster=\"http:\/\/christophebaudry.fr\/wp-content\/uploads\/2020\/05\/CHRISTOPHE_BAUDRY_DRONE_BTP_PICTURE_01.png\" src=\"http:\/\/christophebaudry.fr\/wp-content\/uploads\/2020\/05\/CHRISTOPHE_BAUDRY_DRONE_BTP.mp4\"><\/video><\/figure>\n\n\n\n<div style=\"height:20px\" aria-hidden=\"true\" class=\"wp-block-spacer\"><\/div>\n\n\n\n<figure class=\"wp-block-video aligncenter\"><video controls poster=\"http:\/\/christophebaudry.fr\/wp-content\/uploads\/2020\/05\/CHRISTOPHE_BAUDRY_DRONE_DEMO_PICTURE_01.png\" preload=\"none\" src=\"http:\/\/christophebaudry.fr\/wp-content\/uploads\/2020\/05\/CHRISTOPHE_BAUDRY_DRONE_DEMO.mp4\"><\/video><\/figure>\n\n\n\n<div style=\"height:20px\" aria-hidden=\"true\" class=\"wp-block-spacer\"><\/div>\n\n\n\n<div class=\"wp-block-group\"><div class=\"wp-block-group__inner-container is-layout-flow wp-block-group-is-layout-flow\">\n<figure class=\"wp-block-table aligncenter is-style-regular\"><table><thead><tr><th class=\"has-text-align-left\" data-align=\"left\">MAT\u00c9RIEL<\/th><\/tr><\/thead><tbody><tr><td class=\"has-text-align-left\" data-align=\"left\">Drone DJI Mavic 3 Pro Cin\u00e9<\/td><\/tr><tr><td class=\"has-text-align-left\" data-align=\"left\">T\u00e9l\u00e9commande DJI RC Pro<\/td><\/tr><tr><td class=\"has-text-align-left\" data-align=\"left\">7 Batteries<\/td><\/tr><tr><td class=\"has-text-align-left\" data-align=\"left\"> Filtre DJI ND8\/16\/32\/64<\/td><\/tr><tr><td class=\"has-text-align-left\" data-align=\"left\">Objectif grand-angle DJI 15,5mm<\/td><\/tr><\/tbody><\/table><\/figure>\n<\/div><\/div>\n\n\n\n<p><\/p>\n","protected":false},"excerpt":{"rendered":"<p>T\u00e9l\u00e9pilote professionnel certifi\u00e9, \u00e9quip\u00e9 de l&#8217;exceptionnel drone DJI Mavic 3 Pro Cin\u00e9, prenons de la hauteur en 5,1K Apple ProRes 422HQ en toute s\u00e9curit\u00e9 gr\u00e2ce \u00e0 une maitrise technique et r\u00e9glementaire MAT\u00c9RIEL Drone DJI Mavic 3 Pro Cin\u00e9 T\u00e9l\u00e9commande DJI RC Pro 7 Batteries Filtre DJI ND8\/16\/32\/64 Objectif grand-angle DJI 15,5mm<\/p>\n","protected":false},"author":1,"featured_media":961,"parent":0,"menu_order":0,"comment_status":"closed","ping_status":"closed","template":"","meta":{"footnotes":""},"class_list":["post-110","page","type-page","status-publish","has-post-thumbnail"],"yoast_head":"<!-- This site is optimized with the Yoast SEO plugin v27.4 - https:\/\/yoast.com\/product\/yoast-seo-wordpress\/ -->\n<title>Christophe Baudry T\u00e9l\u00e9pilote exp\u00e9riment\u00e9 - Projet documentaire<\/title>\n<meta name=\"description\" content=\"T\u00e9l\u00e9pilote certifi\u00e9, fort d&#039;une solide exp\u00e9rience dans le documentaire, n&#039;h\u00e9sitez pas \u00e0 me contacter pour \u00e9changer autour de vos projets.\" \/>\n<meta name=\"robots\" content=\"index, follow, max-snippet:-1, max-image-preview:large, max-video-preview:-1\" \/>\n<link rel=\"canonical\" href=\"http:\/\/christophebaudry.fr\/index.php\/operateur-drone\/\" \/>\n<meta property=\"og:locale\" content=\"en_US\" \/>\n<meta property=\"og:type\" content=\"article\" \/>\n<meta property=\"og:title\" content=\"Christophe Baudry T\u00e9l\u00e9pilote exp\u00e9riment\u00e9 - Projet documentaire\" \/>\n<meta property=\"og:description\" content=\"T\u00e9l\u00e9pilote certifi\u00e9, fort d&#039;une solide exp\u00e9rience dans le documentaire, n&#039;h\u00e9sitez pas \u00e0 me contacter pour \u00e9changer autour de vos projets.\" \/>\n<meta property=\"og:url\" content=\"http:\/\/christophebaudry.fr\/index.php\/operateur-drone\/\" \/>\n<meta property=\"og:site_name\" content=\"Christophe Baudry\" \/>\n<meta property=\"article:modified_time\" content=\"2025-05-06T10:14:24+00:00\" \/>\n<meta property=\"og:image\" content=\"http:\/\/christophebaudry.fr\/wp-content\/uploads\/2020\/05\/Operateur-Drone-Christophe-Baudry-WIDE-01-e1589042577981.jpeg\" \/>\n\t<meta property=\"og:image:width\" content=\"2550\" \/>\n\t<meta property=\"og:image:height\" content=\"1030\" \/>\n\t<meta property=\"og:image:type\" content=\"image\/jpeg\" \/>\n<meta name=\"twitter:card\" content=\"summary_large_image\" \/>\n<meta name=\"twitter:label1\" content=\"Est. reading time\" \/>\n\t<meta name=\"twitter:data1\" content=\"1 minute\" \/>\n<script type=\"application\/ld+json\" class=\"yoast-schema-graph\">{\"@context\":\"https:\\\/\\\/schema.org\",\"@graph\":[{\"@type\":\"WebPage\",\"@id\":\"http:\\\/\\\/christophebaudry.fr\\\/index.php\\\/operateur-drone\\\/\",\"url\":\"http:\\\/\\\/christophebaudry.fr\\\/index.php\\\/operateur-drone\\\/\",\"name\":\"Christophe Baudry T\u00e9l\u00e9pilote exp\u00e9riment\u00e9 - Projet documentaire\",\"isPartOf\":{\"@id\":\"https:\\\/\\\/christophebaudry.fr\\\/#website\"},\"primaryImageOfPage\":{\"@id\":\"http:\\\/\\\/christophebaudry.fr\\\/index.php\\\/operateur-drone\\\/#primaryimage\"},\"image\":{\"@id\":\"http:\\\/\\\/christophebaudry.fr\\\/index.php\\\/operateur-drone\\\/#primaryimage\"},\"thumbnailUrl\":\"https:\\\/\\\/christophebaudry.fr\\\/wp-content\\\/uploads\\\/2020\\\/05\\\/Operateur-Drone-Christophe-Baudry-WIDE-01-e1589042577981.jpeg\",\"datePublished\":\"2020-03-30T15:45:23+00:00\",\"dateModified\":\"2025-05-06T10:14:24+00:00\",\"description\":\"T\u00e9l\u00e9pilote certifi\u00e9, fort d'une solide exp\u00e9rience dans le documentaire, n'h\u00e9sitez pas \u00e0 me contacter pour \u00e9changer autour de vos projets.\",\"breadcrumb\":{\"@id\":\"http:\\\/\\\/christophebaudry.fr\\\/index.php\\\/operateur-drone\\\/#breadcrumb\"},\"inLanguage\":\"en-US\",\"potentialAction\":[{\"@type\":\"ReadAction\",\"target\":[\"http:\\\/\\\/christophebaudry.fr\\\/index.php\\\/operateur-drone\\\/\"]}]},{\"@type\":\"ImageObject\",\"inLanguage\":\"en-US\",\"@id\":\"http:\\\/\\\/christophebaudry.fr\\\/index.php\\\/operateur-drone\\\/#primaryimage\",\"url\":\"https:\\\/\\\/christophebaudry.fr\\\/wp-content\\\/uploads\\\/2020\\\/05\\\/Operateur-Drone-Christophe-Baudry-WIDE-01-e1589042577981.jpeg\",\"contentUrl\":\"https:\\\/\\\/christophebaudry.fr\\\/wp-content\\\/uploads\\\/2020\\\/05\\\/Operateur-Drone-Christophe-Baudry-WIDE-01-e1589042577981.jpeg\",\"width\":2550,\"height\":1030,\"caption\":\"Operateur Drone Christophe Baudry\"},{\"@type\":\"BreadcrumbList\",\"@id\":\"http:\\\/\\\/christophebaudry.fr\\\/index.php\\\/operateur-drone\\\/#breadcrumb\",\"itemListElement\":[{\"@type\":\"ListItem\",\"position\":1,\"name\":\"Accueil\",\"item\":\"https:\\\/\\\/christophebaudry.fr\\\/\"},{\"@type\":\"ListItem\",\"position\":2,\"name\":\"DONNER \u00c0 VOIR\"}]},{\"@type\":\"WebSite\",\"@id\":\"https:\\\/\\\/christophebaudry.fr\\\/#website\",\"url\":\"https:\\\/\\\/christophebaudry.fr\\\/\",\"name\":\"Christophe Baudry\",\"description\":\"ING\u00c9NIEUR DU SON  -  OP\u00c9RATEUR DRONE\",\"publisher\":{\"@id\":\"https:\\\/\\\/christophebaudry.fr\\\/#\\\/schema\\\/person\\\/3a7e3b65c99e6d2bcebc2e9672f6259e\"},\"potentialAction\":[{\"@type\":\"SearchAction\",\"target\":{\"@type\":\"EntryPoint\",\"urlTemplate\":\"https:\\\/\\\/christophebaudry.fr\\\/?s={search_term_string}\"},\"query-input\":{\"@type\":\"PropertyValueSpecification\",\"valueRequired\":true,\"valueName\":\"search_term_string\"}}],\"inLanguage\":\"en-US\"},{\"@type\":[\"Person\",\"Organization\"],\"@id\":\"https:\\\/\\\/christophebaudry.fr\\\/#\\\/schema\\\/person\\\/3a7e3b65c99e6d2bcebc2e9672f6259e\",\"name\":\"Christophe Baudry\",\"image\":{\"@type\":\"ImageObject\",\"inLanguage\":\"en-US\",\"@id\":\"https:\\\/\\\/christophebaudry.fr\\\/wp-content\\\/uploads\\\/2020\\\/04\\\/LOGO-CB.png\",\"url\":\"https:\\\/\\\/christophebaudry.fr\\\/wp-content\\\/uploads\\\/2020\\\/04\\\/LOGO-CB.png\",\"contentUrl\":\"https:\\\/\\\/christophebaudry.fr\\\/wp-content\\\/uploads\\\/2020\\\/04\\\/LOGO-CB.png\",\"width\":285,\"height\":249,\"caption\":\"Christophe Baudry\"},\"logo\":{\"@id\":\"https:\\\/\\\/christophebaudry.fr\\\/wp-content\\\/uploads\\\/2020\\\/04\\\/LOGO-CB.png\"},\"sameAs\":[\"http:\\\/\\\/christophebaudry.fr\"]}]}<\/script>\n<!-- \/ Yoast SEO plugin. -->","yoast_head_json":{"title":"Christophe Baudry T\u00e9l\u00e9pilote exp\u00e9riment\u00e9 - Projet documentaire","description":"T\u00e9l\u00e9pilote certifi\u00e9, fort d'une solide exp\u00e9rience dans le documentaire, n'h\u00e9sitez pas \u00e0 me contacter pour \u00e9changer autour de vos projets.","robots":{"index":"index","follow":"follow","max-snippet":"max-snippet:-1","max-image-preview":"max-image-preview:large","max-video-preview":"max-video-preview:-1"},"canonical":"http:\/\/christophebaudry.fr\/index.php\/operateur-drone\/","og_locale":"en_US","og_type":"article","og_title":"Christophe Baudry T\u00e9l\u00e9pilote exp\u00e9riment\u00e9 - Projet documentaire","og_description":"T\u00e9l\u00e9pilote certifi\u00e9, fort d'une solide exp\u00e9rience dans le documentaire, n'h\u00e9sitez pas \u00e0 me contacter pour \u00e9changer autour de vos projets.","og_url":"http:\/\/christophebaudry.fr\/index.php\/operateur-drone\/","og_site_name":"Christophe Baudry","article_modified_time":"2025-05-06T10:14:24+00:00","og_image":[{"width":2550,"height":1030,"url":"http:\/\/christophebaudry.fr\/wp-content\/uploads\/2020\/05\/Operateur-Drone-Christophe-Baudry-WIDE-01-e1589042577981.jpeg","type":"image\/jpeg"}],"twitter_card":"summary_large_image","twitter_misc":{"Est. reading time":"1 minute"},"schema":{"@context":"https:\/\/schema.org","@graph":[{"@type":"WebPage","@id":"http:\/\/christophebaudry.fr\/index.php\/operateur-drone\/","url":"http:\/\/christophebaudry.fr\/index.php\/operateur-drone\/","name":"Christophe Baudry T\u00e9l\u00e9pilote exp\u00e9riment\u00e9 - Projet documentaire","isPartOf":{"@id":"https:\/\/christophebaudry.fr\/#website"},"primaryImageOfPage":{"@id":"http:\/\/christophebaudry.fr\/index.php\/operateur-drone\/#primaryimage"},"image":{"@id":"http:\/\/christophebaudry.fr\/index.php\/operateur-drone\/#primaryimage"},"thumbnailUrl":"https:\/\/christophebaudry.fr\/wp-content\/uploads\/2020\/05\/Operateur-Drone-Christophe-Baudry-WIDE-01-e1589042577981.jpeg","datePublished":"2020-03-30T15:45:23+00:00","dateModified":"2025-05-06T10:14:24+00:00","description":"T\u00e9l\u00e9pilote certifi\u00e9, fort d'une solide exp\u00e9rience dans le documentaire, n'h\u00e9sitez pas \u00e0 me contacter pour \u00e9changer autour de vos projets.","breadcrumb":{"@id":"http:\/\/christophebaudry.fr\/index.php\/operateur-drone\/#breadcrumb"},"inLanguage":"en-US","potentialAction":[{"@type":"ReadAction","target":["http:\/\/christophebaudry.fr\/index.php\/operateur-drone\/"]}]},{"@type":"ImageObject","inLanguage":"en-US","@id":"http:\/\/christophebaudry.fr\/index.php\/operateur-drone\/#primaryimage","url":"https:\/\/christophebaudry.fr\/wp-content\/uploads\/2020\/05\/Operateur-Drone-Christophe-Baudry-WIDE-01-e1589042577981.jpeg","contentUrl":"https:\/\/christophebaudry.fr\/wp-content\/uploads\/2020\/05\/Operateur-Drone-Christophe-Baudry-WIDE-01-e1589042577981.jpeg","width":2550,"height":1030,"caption":"Operateur Drone Christophe Baudry"},{"@type":"BreadcrumbList","@id":"http:\/\/christophebaudry.fr\/index.php\/operateur-drone\/#breadcrumb","itemListElement":[{"@type":"ListItem","position":1,"name":"Accueil","item":"https:\/\/christophebaudry.fr\/"},{"@type":"ListItem","position":2,"name":"DONNER \u00c0 VOIR"}]},{"@type":"WebSite","@id":"https:\/\/christophebaudry.fr\/#website","url":"https:\/\/christophebaudry.fr\/","name":"Christophe Baudry","description":"ING\u00c9NIEUR DU SON  -  OP\u00c9RATEUR DRONE","publisher":{"@id":"https:\/\/christophebaudry.fr\/#\/schema\/person\/3a7e3b65c99e6d2bcebc2e9672f6259e"},"potentialAction":[{"@type":"SearchAction","target":{"@type":"EntryPoint","urlTemplate":"https:\/\/christophebaudry.fr\/?s={search_term_string}"},"query-input":{"@type":"PropertyValueSpecification","valueRequired":true,"valueName":"search_term_string"}}],"inLanguage":"en-US"},{"@type":["Person","Organization"],"@id":"https:\/\/christophebaudry.fr\/#\/schema\/person\/3a7e3b65c99e6d2bcebc2e9672f6259e","name":"Christophe Baudry","image":{"@type":"ImageObject","inLanguage":"en-US","@id":"https:\/\/christophebaudry.fr\/wp-content\/uploads\/2020\/04\/LOGO-CB.png","url":"https:\/\/christophebaudry.fr\/wp-content\/uploads\/2020\/04\/LOGO-CB.png","contentUrl":"https:\/\/christophebaudry.fr\/wp-content\/uploads\/2020\/04\/LOGO-CB.png","width":285,"height":249,"caption":"Christophe Baudry"},"logo":{"@id":"https:\/\/christophebaudry.fr\/wp-content\/uploads\/2020\/04\/LOGO-CB.png"},"sameAs":["http:\/\/christophebaudry.fr"]}]}},"_links":{"self":[{"href":"https:\/\/christophebaudry.fr\/index.php\/wp-json\/wp\/v2\/pages\/110","targetHints":{"allow":["GET"]}}],"collection":[{"href":"https:\/\/christophebaudry.fr\/index.php\/wp-json\/wp\/v2\/pages"}],"about":[{"href":"https:\/\/christophebaudry.fr\/index.php\/wp-json\/wp\/v2\/types\/page"}],"author":[{"embeddable":true,"href":"https:\/\/christophebaudry.fr\/index.php\/wp-json\/wp\/v2\/users\/1"}],"replies":[{"embeddable":true,"href":"https:\/\/christophebaudry.fr\/index.php\/wp-json\/wp\/v2\/comments?post=110"}],"version-history":[{"count":53,"href":"https:\/\/christophebaudry.fr\/index.php\/wp-json\/wp\/v2\/pages\/110\/revisions"}],"predecessor-version":[{"id":1186,"href":"https:\/\/christophebaudry.fr\/index.php\/wp-json\/wp\/v2\/pages\/110\/revisions\/1186"}],"wp:featuredmedia":[{"embeddable":true,"href":"https:\/\/christophebaudry.fr\/index.php\/wp-json\/wp\/v2\/media\/961"}],"wp:attachment":[{"href":"https:\/\/christophebaudry.fr\/index.php\/wp-json\/wp\/v2\/media?parent=110"}],"curies":[{"name":"wp","href":"https:\/\/api.w.org\/{rel}","templated":true}]}}