{"id":178,"date":"2020-03-31T11:47:20","date_gmt":"2020-03-31T09:47:20","guid":{"rendered":"http:\/\/christophebaudry.fr\/?page_id=178"},"modified":"2025-05-06T12:13:53","modified_gmt":"2025-05-06T10:13:53","slug":"contact","status":"publish","type":"page","link":"https:\/\/christophebaudry.fr\/index.php\/contact\/","title":{"rendered":"CONTACT"},"content":{"rendered":"\n<p class=\"has-text-align-left\"><a href=\"mailto:baudry.christophe13@gmail.com\"><span style=\"color:#000000\" class=\"has-inline-color\"><strong>baudry.christophe13@gmail.com<\/strong><\/span><\/a><\/p>\n\n\n\n<p class=\"has-text-align-left\"><a href=\"tel:+33676128565\"><mark style=\"background-color:rgba(0, 0, 0, 0);color:#000000\" class=\"has-inline-color\"><strong>+33 6 76 12 85 65<\/strong><\/mark><\/a><\/p>\n\n\n\n<p><\/p>\n\n\n<div class=\"wp-block-image is-style-default\">\n<figure class=\"aligncenter size-large\"><img loading=\"lazy\" decoding=\"async\" width=\"1024\" height=\"395\" src=\"http:\/\/christophebaudry.fr\/wp-content\/uploads\/2020\/05\/Tropic-of-Capricorn-1024x395.jpg\" alt=\"tournage-christophe-baudry-ingenieur-du-son-documentaire-television-micros-drone\" class=\"wp-image-1092\" srcset=\"https:\/\/christophebaudry.fr\/wp-content\/uploads\/2020\/05\/Tropic-of-Capricorn-1024x395.jpg 1024w, https:\/\/christophebaudry.fr\/wp-content\/uploads\/2020\/05\/Tropic-of-Capricorn-300x116.jpg 300w, https:\/\/christophebaudry.fr\/wp-content\/uploads\/2020\/05\/Tropic-of-Capricorn-768x296.jpg 768w, https:\/\/christophebaudry.fr\/wp-content\/uploads\/2020\/05\/Tropic-of-Capricorn-1536x593.jpg 1536w, https:\/\/christophebaudry.fr\/wp-content\/uploads\/2020\/05\/Tropic-of-Capricorn-2048x791.jpg 2048w\" sizes=\"auto, (max-width: 1024px) 100vw, 1024px\" \/><\/figure><\/div>","protected":false},"excerpt":{"rendered":"<p>baudry.christophe13@gmail.com +33 6 76 12 85 65<\/p>\n","protected":false},"author":1,"featured_media":962,"parent":0,"menu_order":0,"comment_status":"closed","ping_status":"closed","template":"","meta":{"footnotes":""},"class_list":["post-178","page","type-page","status-publish","has-post-thumbnail"],"yoast_head":"<!-- This site is optimized with the Yoast SEO plugin v27.3 - https:\/\/yoast.com\/product\/yoast-seo-wordpress\/ -->\n<title>Christophe Baudry - Ing\u00e9nieur du Son - Op\u00e9rateur drone - CONTACT<\/title>\n<meta name=\"description\" content=\"Ing\u00e9nieur du son, t\u00e9l\u00e9pilote exp\u00e9riment\u00e9 dans le documentaire, n&#039;h\u00e9sitez pas \u00e0 me contacter pour \u00e9changer autour de vos projets.\" \/>\n<meta name=\"robots\" content=\"index, follow, max-snippet:-1, max-image-preview:large, max-video-preview:-1\" \/>\n<link rel=\"canonical\" href=\"http:\/\/christophebaudry.fr\/index.php\/contact\/\" \/>\n<meta property=\"og:locale\" content=\"en_US\" \/>\n<meta property=\"og:type\" content=\"article\" \/>\n<meta property=\"og:title\" content=\"Christophe Baudry - Ing\u00e9nieur du Son - Op\u00e9rateur drone - CONTACT\" \/>\n<meta property=\"og:description\" content=\"Ing\u00e9nieur du son, t\u00e9l\u00e9pilote exp\u00e9riment\u00e9 dans le documentaire, n&#039;h\u00e9sitez pas \u00e0 me contacter pour \u00e9changer autour de vos projets.\" \/>\n<meta property=\"og:url\" content=\"http:\/\/christophebaudry.fr\/index.php\/contact\/\" \/>\n<meta property=\"og:site_name\" content=\"Christophe Baudry\" \/>\n<meta property=\"article:modified_time\" content=\"2025-05-06T10:13:53+00:00\" \/>\n<meta property=\"og:image\" content=\"http:\/\/christophebaudry.fr\/wp-content\/uploads\/2020\/05\/Operateur-Son-Christophe-Baudry-WIDE-01-scaled.jpg\" \/>\n\t<meta property=\"og:image:width\" content=\"2560\" \/>\n\t<meta property=\"og:image:height\" content=\"1180\" \/>\n\t<meta property=\"og:image:type\" content=\"image\/jpeg\" \/>\n<meta name=\"twitter:card\" content=\"summary_large_image\" \/>\n<meta name=\"twitter:label1\" content=\"Est. reading time\" \/>\n\t<meta name=\"twitter:data1\" content=\"1 minute\" \/>\n<script type=\"application\/ld+json\" class=\"yoast-schema-graph\">{\"@context\":\"https:\\\/\\\/schema.org\",\"@graph\":[{\"@type\":\"WebPage\",\"@id\":\"http:\\\/\\\/christophebaudry.fr\\\/index.php\\\/contact\\\/\",\"url\":\"http:\\\/\\\/christophebaudry.fr\\\/index.php\\\/contact\\\/\",\"name\":\"Christophe Baudry - Ing\u00e9nieur du Son - Op\u00e9rateur drone - CONTACT\",\"isPartOf\":{\"@id\":\"http:\\\/\\\/christophebaudry.fr\\\/#website\"},\"primaryImageOfPage\":{\"@id\":\"http:\\\/\\\/christophebaudry.fr\\\/index.php\\\/contact\\\/#primaryimage\"},\"image\":{\"@id\":\"http:\\\/\\\/christophebaudry.fr\\\/index.php\\\/contact\\\/#primaryimage\"},\"thumbnailUrl\":\"https:\\\/\\\/christophebaudry.fr\\\/wp-content\\\/uploads\\\/2020\\\/05\\\/Operateur-Son-Christophe-Baudry-WIDE-01-scaled.jpg\",\"datePublished\":\"2020-03-31T09:47:20+00:00\",\"dateModified\":\"2025-05-06T10:13:53+00:00\",\"description\":\"Ing\u00e9nieur du son, t\u00e9l\u00e9pilote exp\u00e9riment\u00e9 dans le documentaire, n'h\u00e9sitez pas \u00e0 me contacter pour \u00e9changer autour de vos projets.\",\"breadcrumb\":{\"@id\":\"http:\\\/\\\/christophebaudry.fr\\\/index.php\\\/contact\\\/#breadcrumb\"},\"inLanguage\":\"en-US\",\"potentialAction\":[{\"@type\":\"ReadAction\",\"target\":[\"http:\\\/\\\/christophebaudry.fr\\\/index.php\\\/contact\\\/\"]}]},{\"@type\":\"ImageObject\",\"inLanguage\":\"en-US\",\"@id\":\"http:\\\/\\\/christophebaudry.fr\\\/index.php\\\/contact\\\/#primaryimage\",\"url\":\"https:\\\/\\\/christophebaudry.fr\\\/wp-content\\\/uploads\\\/2020\\\/05\\\/Operateur-Son-Christophe-Baudry-WIDE-01-scaled.jpg\",\"contentUrl\":\"https:\\\/\\\/christophebaudry.fr\\\/wp-content\\\/uploads\\\/2020\\\/05\\\/Operateur-Son-Christophe-Baudry-WIDE-01-scaled.jpg\",\"width\":2560,\"height\":1180,\"caption\":\"Operateur son Christophe Baudry\"},{\"@type\":\"BreadcrumbList\",\"@id\":\"http:\\\/\\\/christophebaudry.fr\\\/index.php\\\/contact\\\/#breadcrumb\",\"itemListElement\":[{\"@type\":\"ListItem\",\"position\":1,\"name\":\"Accueil\",\"item\":\"http:\\\/\\\/christophebaudry.fr\\\/\"},{\"@type\":\"ListItem\",\"position\":2,\"name\":\"CONTACT\"}]},{\"@type\":\"WebSite\",\"@id\":\"http:\\\/\\\/christophebaudry.fr\\\/#website\",\"url\":\"http:\\\/\\\/christophebaudry.fr\\\/\",\"name\":\"Christophe Baudry\",\"description\":\"ING\u00c9NIEUR DU SON  -  OP\u00c9RATEUR DRONE\",\"publisher\":{\"@id\":\"http:\\\/\\\/christophebaudry.fr\\\/#\\\/schema\\\/person\\\/3a7e3b65c99e6d2bcebc2e9672f6259e\"},\"potentialAction\":[{\"@type\":\"SearchAction\",\"target\":{\"@type\":\"EntryPoint\",\"urlTemplate\":\"http:\\\/\\\/christophebaudry.fr\\\/?s={search_term_string}\"},\"query-input\":{\"@type\":\"PropertyValueSpecification\",\"valueRequired\":true,\"valueName\":\"search_term_string\"}}],\"inLanguage\":\"en-US\"},{\"@type\":[\"Person\",\"Organization\"],\"@id\":\"http:\\\/\\\/christophebaudry.fr\\\/#\\\/schema\\\/person\\\/3a7e3b65c99e6d2bcebc2e9672f6259e\",\"name\":\"Christophe Baudry\",\"image\":{\"@type\":\"ImageObject\",\"inLanguage\":\"en-US\",\"@id\":\"https:\\\/\\\/christophebaudry.fr\\\/wp-content\\\/uploads\\\/2020\\\/04\\\/LOGO-CB.png\",\"url\":\"https:\\\/\\\/christophebaudry.fr\\\/wp-content\\\/uploads\\\/2020\\\/04\\\/LOGO-CB.png\",\"contentUrl\":\"https:\\\/\\\/christophebaudry.fr\\\/wp-content\\\/uploads\\\/2020\\\/04\\\/LOGO-CB.png\",\"width\":285,\"height\":249,\"caption\":\"Christophe Baudry\"},\"logo\":{\"@id\":\"https:\\\/\\\/christophebaudry.fr\\\/wp-content\\\/uploads\\\/2020\\\/04\\\/LOGO-CB.png\"},\"sameAs\":[\"http:\\\/\\\/christophebaudry.fr\"]}]}<\/script>\n<!-- \/ Yoast SEO plugin. -->","yoast_head_json":{"title":"Christophe Baudry - Ing\u00e9nieur du Son - Op\u00e9rateur drone - CONTACT","description":"Ing\u00e9nieur du son, t\u00e9l\u00e9pilote exp\u00e9riment\u00e9 dans le documentaire, n'h\u00e9sitez pas \u00e0 me contacter pour \u00e9changer autour de vos projets.","robots":{"index":"index","follow":"follow","max-snippet":"max-snippet:-1","max-image-preview":"max-image-preview:large","max-video-preview":"max-video-preview:-1"},"canonical":"http:\/\/christophebaudry.fr\/index.php\/contact\/","og_locale":"en_US","og_type":"article","og_title":"Christophe Baudry - Ing\u00e9nieur du Son - Op\u00e9rateur drone - CONTACT","og_description":"Ing\u00e9nieur du son, t\u00e9l\u00e9pilote exp\u00e9riment\u00e9 dans le documentaire, n'h\u00e9sitez pas \u00e0 me contacter pour \u00e9changer autour de vos projets.","og_url":"http:\/\/christophebaudry.fr\/index.php\/contact\/","og_site_name":"Christophe Baudry","article_modified_time":"2025-05-06T10:13:53+00:00","og_image":[{"width":2560,"height":1180,"url":"http:\/\/christophebaudry.fr\/wp-content\/uploads\/2020\/05\/Operateur-Son-Christophe-Baudry-WIDE-01-scaled.jpg","type":"image\/jpeg"}],"twitter_card":"summary_large_image","twitter_misc":{"Est. reading time":"1 minute"},"schema":{"@context":"https:\/\/schema.org","@graph":[{"@type":"WebPage","@id":"http:\/\/christophebaudry.fr\/index.php\/contact\/","url":"http:\/\/christophebaudry.fr\/index.php\/contact\/","name":"Christophe Baudry - Ing\u00e9nieur du Son - Op\u00e9rateur drone - CONTACT","isPartOf":{"@id":"http:\/\/christophebaudry.fr\/#website"},"primaryImageOfPage":{"@id":"http:\/\/christophebaudry.fr\/index.php\/contact\/#primaryimage"},"image":{"@id":"http:\/\/christophebaudry.fr\/index.php\/contact\/#primaryimage"},"thumbnailUrl":"https:\/\/christophebaudry.fr\/wp-content\/uploads\/2020\/05\/Operateur-Son-Christophe-Baudry-WIDE-01-scaled.jpg","datePublished":"2020-03-31T09:47:20+00:00","dateModified":"2025-05-06T10:13:53+00:00","description":"Ing\u00e9nieur du son, t\u00e9l\u00e9pilote exp\u00e9riment\u00e9 dans le documentaire, n'h\u00e9sitez pas \u00e0 me contacter pour \u00e9changer autour de vos projets.","breadcrumb":{"@id":"http:\/\/christophebaudry.fr\/index.php\/contact\/#breadcrumb"},"inLanguage":"en-US","potentialAction":[{"@type":"ReadAction","target":["http:\/\/christophebaudry.fr\/index.php\/contact\/"]}]},{"@type":"ImageObject","inLanguage":"en-US","@id":"http:\/\/christophebaudry.fr\/index.php\/contact\/#primaryimage","url":"https:\/\/christophebaudry.fr\/wp-content\/uploads\/2020\/05\/Operateur-Son-Christophe-Baudry-WIDE-01-scaled.jpg","contentUrl":"https:\/\/christophebaudry.fr\/wp-content\/uploads\/2020\/05\/Operateur-Son-Christophe-Baudry-WIDE-01-scaled.jpg","width":2560,"height":1180,"caption":"Operateur son Christophe Baudry"},{"@type":"BreadcrumbList","@id":"http:\/\/christophebaudry.fr\/index.php\/contact\/#breadcrumb","itemListElement":[{"@type":"ListItem","position":1,"name":"Accueil","item":"http:\/\/christophebaudry.fr\/"},{"@type":"ListItem","position":2,"name":"CONTACT"}]},{"@type":"WebSite","@id":"http:\/\/christophebaudry.fr\/#website","url":"http:\/\/christophebaudry.fr\/","name":"Christophe Baudry","description":"ING\u00c9NIEUR DU SON  -  OP\u00c9RATEUR DRONE","publisher":{"@id":"http:\/\/christophebaudry.fr\/#\/schema\/person\/3a7e3b65c99e6d2bcebc2e9672f6259e"},"potentialAction":[{"@type":"SearchAction","target":{"@type":"EntryPoint","urlTemplate":"http:\/\/christophebaudry.fr\/?s={search_term_string}"},"query-input":{"@type":"PropertyValueSpecification","valueRequired":true,"valueName":"search_term_string"}}],"inLanguage":"en-US"},{"@type":["Person","Organization"],"@id":"http:\/\/christophebaudry.fr\/#\/schema\/person\/3a7e3b65c99e6d2bcebc2e9672f6259e","name":"Christophe Baudry","image":{"@type":"ImageObject","inLanguage":"en-US","@id":"https:\/\/christophebaudry.fr\/wp-content\/uploads\/2020\/04\/LOGO-CB.png","url":"https:\/\/christophebaudry.fr\/wp-content\/uploads\/2020\/04\/LOGO-CB.png","contentUrl":"https:\/\/christophebaudry.fr\/wp-content\/uploads\/2020\/04\/LOGO-CB.png","width":285,"height":249,"caption":"Christophe Baudry"},"logo":{"@id":"https:\/\/christophebaudry.fr\/wp-content\/uploads\/2020\/04\/LOGO-CB.png"},"sameAs":["http:\/\/christophebaudry.fr"]}]}},"_links":{"self":[{"href":"https:\/\/christophebaudry.fr\/index.php\/wp-json\/wp\/v2\/pages\/178","targetHints":{"allow":["GET"]}}],"collection":[{"href":"https:\/\/christophebaudry.fr\/index.php\/wp-json\/wp\/v2\/pages"}],"about":[{"href":"https:\/\/christophebaudry.fr\/index.php\/wp-json\/wp\/v2\/types\/page"}],"author":[{"embeddable":true,"href":"https:\/\/christophebaudry.fr\/index.php\/wp-json\/wp\/v2\/users\/1"}],"replies":[{"embeddable":true,"href":"https:\/\/christophebaudry.fr\/index.php\/wp-json\/wp\/v2\/comments?post=178"}],"version-history":[{"count":56,"href":"https:\/\/christophebaudry.fr\/index.php\/wp-json\/wp\/v2\/pages\/178\/revisions"}],"predecessor-version":[{"id":1185,"href":"https:\/\/christophebaudry.fr\/index.php\/wp-json\/wp\/v2\/pages\/178\/revisions\/1185"}],"wp:featuredmedia":[{"embeddable":true,"href":"https:\/\/christophebaudry.fr\/index.php\/wp-json\/wp\/v2\/media\/962"}],"wp:attachment":[{"href":"https:\/\/christophebaudry.fr\/index.php\/wp-json\/wp\/v2\/media?parent=178"}],"curies":[{"name":"wp","href":"https:\/\/api.w.org\/{rel}","templated":true}]}}